ed by 56.
14
Let z = 137 + -133. Suppose -2*o = -z*b + 364, -4*b - 3*o + 0*o = -374. What is the remainder when b is divided by 20?
12
Suppose -36156 = -145*i + 133*i. Calculate the remainder when i is divided by 104.
101
Suppose -24 = 2*c + 3*n, -4*n + 0*n = -3*c - 36. What is the remainder when (1037/(-187) + -7*(-30)/385)*-19 is divided by (6/9)/((-2)/c)?
3
Suppose 0 = 12*r + 3*r - 30. Suppose -3*i + a = 3*a - 240, -r*i + 167 = -a. What is the remainder when i is divided by 21?
19
Suppose -12292 = -34*n + 3817 + 551. What is the remainder when n is divided by 71?
64
Calculate the remainder when 11/(-33)*-30 + 51 is divided by 37.
24
Suppose 5*f - 23 = 7. Let m(i) = i**2 - 18*i + 11. Let h be m(17). Calculate the remainder when (-3)/h*3*f is divided by 4.
1
Let o be (2 - -2)/(-1) + 4. Suppose 5*g + 4*f = -o*g + 181, 4*f = 5*g - 149. What is the remainder when g is divided by -272 + 272 + 17/1?
16
Let r be -7*((-47)/9 - (-6)/27). Suppose -3*l + 13 = -c + r, -4*c = l - 23. Let g = -21 + 39. Calculate the remainder when g is divided by c.
4
Let d(u) = 98*u**2 + 40*u + 70. What is the remainder when d(-2) is divided by 64?
62
Let v = -342 - -174. Let y = 176 + v. Suppose 0 = 3*a - 8 - 52. Calculate the remainder when a is divided by y.
4
Let c(j) = 288*j - 3712. Calculate the remainder when 2157 is divided by c(13).
13
Let a = -5864 + 5880. What is the remainder when 1481 is divided by a?
9
Suppose -99*g - 456 = -123*g. Calculate the remainder when 218 is divided by g.
9
Suppose 5*a - 19839 = -2*a - 17697. What is the remainder when a is divided by 223?
83
Let x(t) be the first derivative of -t**4/4 - t**2/2 + 4*t - 30. Let j be x(0). What is the remainder when (j - -36) + -1*(0 + 2) is divided by 23?
15
Let p be ((-76)/6)/((-2)/3). Suppose r - p - 22 = 0. Let k(f) = f**3 + 32*f**2 + 173*f - 3. What is the remainder when r is divided by k(-7)?
8
Let w = -1429 - -1477. What is the remainder when 208 is divided by w?
16
Let b(s) = s**3 + 33*s**2 + 229*s + 1. Let h = 94 + -32. What is the remainder when h is divided by b(-10)?
7
Let p = 1953 - 1619. Calculate the remainder when p is divided by 89.
67
Suppose 3*r + 113886 = 4*a + 21891, 2*r = a - 23005. What is the remainder when a is divided by 17?
11
Let y(t) = -2*t + t + t + 45 + 14*t - t**2 - 12*t. What is the remainder when 67 is divided by y(7)?
7
Suppose 32*q + 438 = 4*p + 30*q, -4*q = 20. Let m = 40 + -11. What is the remainder when p is divided by m?
20
Suppose 10*t = 99 - 29. Suppose 5*f - t*f + 6 = 0. What is the remainder when 182 is divided by f?
2
Let v(q) = -8*q - 44. Let d be (0 - 2)*8/(64/36). What is the remainder when 47 is divided by v(d)?
19
Suppose -401 = -4*m + y, 12*m - 14*m + y + 203 = 0. What is the remainder when m is divided by ((-4)/3)/(1 - (-48)/(-45))?
19
Suppose 3*j - 208 = -5*z, z + 117 = 2*j - 0*z. Let g(h) = 23*h + 1154. Let n be g(-49). Let q = j - n. Calculate the remainder when q is divided by 12.
10
Suppose 104*p - 1699 = 101*p + z, -z + 565 = p. What is the remainder when p is divided by 32?
22
Suppose 12411 = 44*i - 217. Suppose 2*k = -5*n + 89 + 145, -3*k = 9. Calculate the remainder when i is divided by n.
47
Suppose 6 = 3*v - 6. Let i = -295 - -198. Let d = i - -104. Calculate the remainder when d is divided by v.
3
Let b = 67 - 38. Calculate the remainder when (-20)/(-110) - (1558/(-22) - -2) is divided by b.
11
Let a = 259 + -251. Let y(n) = 43*n - 27. Calculate the remainder when y(a) is divided by 106.
105
What is the remainder when 614/2 - (-4 + 4) is divided by 68234/5008 + 6/16?
13
Let k be (2 + (-8)/6)/(4/18). Suppose 2*w - 5*n - 100 = -2*w, k*n - 42 = -w. Suppose -69 = -5*t + 211. Calculate the remainder when t is divided by w.
26
Let o(q) = q**3 - 14*q**2 + 52*q + 3. What is the remainder when o(4) is divided by 35?
16
Suppose 2*c = -5*l + 2328, -1145*l = -1147*l + 16. What is the remainder when c is divided by 381?
1
Suppose 10*y - 526 = -2*d + 8*y, d = y + 267. Calculate the remainder when d is divided by 63.
13
Let c(j) = -53*j**2 - 233*j - 41. What is the remainder when 1540 is divided by c(-4)?
35
Suppose -2331 = -3*a + c, 2328 = a + 2*a - 2*c. Let l = a - 385. What is the remainder when 2/7 + 2 + l/21 is divided by 5?
1
Suppose 8*s - 356 = 2116. Calculate the remainder when s is divided by (36/27)/2*18.
9
Let s(v) = -31*v - 120. Suppose 0*h + 2*h - y + 1 = 0, -5*h + 4*y = 10. Let w(x) = 3*x**2 + 2*x - 3. Calculate the remainder when s(-5) is divided by w(h).
9
Let p(w) = 2173*w**2 + 44*w - 94. What is the remainder when p(2) is divided by 16?
14
Let u = -309 + 316. Suppose u*b - 273 = 2*b - 3*s, -5*s = -4*b + 211. Calculate the remainder when b is divided by 11.
10
Suppose 2*q = 37 - 27. What is the remainder when 172 is divided by -53*(4 + q/(-1)) - 5?
28
Let l = 213 - 205. Suppose 68 = -4*p + l*p. Suppose -5*c + 93 = 5*w - 57, -5*c = 5. Calculate the remainder when w is divided by p.
14
Let k(l) = l**3 - 52*l**2 + 56*l - 76. Calculate the remainder when k(51) is divided by 37.
31
Let i = 113 - 106. Let n(b) = b**3 - 4*b**2 - 14*b + 15. Calculate the remainder when 381 is divided by n(i).
61
Let j be ((-4)/10)/((-1)/50). Suppose 39*t - j*t = 969. Calculate the remainder when (9/(-2))/(3/(-66)) is divided by t.
48
Suppose -206*p - 199*p = -423*p + 1044. What is the remainder when 1330 is divided by p?
54
Suppose 4*d - 143 = -4*w + 377, 3*d = -12. Calculate the remainder when 61505 is divided by w.
133
Suppose -2*r = -3*b - 2108, -5*b + 6308 = 6*r - 6*b. Calculate the remainder when r is divided by 235.
111
Suppose 758*q = 745*q + 16172. What is the remainder when q is divided by 248?
4
Let u(o) = -9*o - 4. Suppose 3*t - 3 + 0 = 3*b, t - 5*b - 1 = 0. Calculate the remainder when u(-3) is divided by (168/(-196))/(t/(-14)).
11
Suppose -2 + 23 = -7*w. Let g be (1 - w)/(3 + -1). Suppose -5*a - f - g = -45, -2*f = 4. Calculate the remainder when 15 is divided by a.
6
Let u(i) = 3*i - 4. Let d(k) = k**2 + 132*k + 4552. What is the remainder when d(-56) is divided by u(5)?
10
Let h be -1 - (-3*5 - 2). Let z = 19695 + -19506. Calculate the remainder when z is divided by (6/2)/(1/h).
45
Let t be (-44)/((1 - (-1 - -3))*2). Suppose 37*m - t*m - 390 = 0. What is the remainder when 204 is divided by m?
22
Let l be 767/6 + 2 + 24/144. Suppose 122*f = l*f - 56. Calculate the remainder when 70 is divided by f.
0
Suppose -2451 = -12*q - 31*q. What is the remainder when q is divided by 32?
25
Let k(q) = -10*q. Let p = -971571 - -971757. Calculate the remainder when p is divided by k(-2).
6
Suppose -1146 = -5*u - 141. Calculate the remainder when u is divided by (-2*(-234)/(-144))/(2/(-32)).
45
Suppose -36 = -18*z + 22*z. Let m(w) = 38*w + 354. What is the remainder when m(z) is divided by (-50)/(-6) + (-2)/6?
4
Let f = 2 - -52. Let p = 50495 - 50339. What is the remainder when p is divided by f?
48
Let i(h) = -8*h + 3. Let a be i(1). Suppose 2*u - 32 + 2 = 0. What is the remainder when (22/a)/(22/(-20) + 1) is divided by u?
14
Suppose 0 = -2*x + 206 - 12. Calculate the remainder when (-6873)/(-24) + 60/96 is divided by x.
93
Suppose -4*h + p + 3*p + 396 = 0, -4*h - 3*p + 410 = 0. Suppose -80*u = -82*u + 26. Calculate the remainder when h is divided by u.
10
Let x(q) = 8*q**2 + 3*q - 5. Let c = -32 - -31. Calculate the remainder when x(-4) is divided by (c/(-1) - 0)*23.
19
Suppose -16*u = -14*u - 1164. Let b = -549 + u. What is the remainder when 49 is divided by b?
16
Let n(k) be the third derivative of 29*k**6/60 + k**5/30 + k**4/6 - k**3 - 23*k**2 - 3. What is the remainder when n(1) is divided by 12?
10
Let b = -6996 + 7031. What is the remainder when (-2)/(3 - (-170)/(-56)) is divided by b?
21
Let y = 51 + 43. Let t = y - -11. Let x = t + -72. Calculate the remainder when 96 is divided by x.
30
Let i(w) = -15*w - 908. What is the remainder when 918 is divided by i(-91)?
4
What is the remainder when 181 is divided by 9/(18/12*10/15)?
1
Suppose -2*h + 554 = 3*m, 0 = h + 4*m - 112 - 170. Calculate the remainder when h is divided by 87.
13
Let w = 37639 - 37311. Calculate the remainder when 691 is divided by w.
35
Let a = 25357 - 13940. Calculate the remainder when a is divided by 11.
10
Suppose -31*k + 1995 = -1270 + 227. Calculate the remainder when 64